{"id":794,"date":"2022-03-14T11:28:57","date_gmt":"2022-03-14T11:28:57","guid":{"rendered":"https:\/\/avaeh.org\/web_nueva_2021\/?page_id=794"},"modified":"2025-10-29T12:36:32","modified_gmt":"2025-10-29T12:36:32","slug":"nuestros-proyectos","status":"publish","type":"page","link":"https:\/\/avaeh.org\/web_nueva_2021\/nuestros-proyectos\/","title":{"rendered":"Nuestros Programas"},"content":{"rendered":"\n<p>Programa <a rel=\"noreferrer noopener\" href=\"https:\/\/avaeh.org\/web_nueva_2021\/atencion-sociosanitaria-a-la-enfermedad-de-huntington\/\" target=\"_blank\">ATENCI\u00d3N SOCIOSANITARIA A LA ENFERMEDAD DE HUNTINGTON<\/a><\/p>\n\n\n\n<p>Programa <a href=\"https:\/\/avaeh.org\/web_nueva_2021\/contra-la-soledad-no-elegida-en-la-enfermedad-de-huntington\/\" target=\"_blank\" rel=\"noreferrer noopener\">CONTRA LA SOLEDAD NO ELEGIDA EN LA ENFERMEDAD DE HUNTINGTON<\/a><\/p>\n\n\n\n<p>Programa <a rel=\"noreferrer noopener\" href=\"https:\/\/avaeh.org\/web_nueva_2021\/acciones-de-ayuda-mutua-y-autoayuda-al-colectivo-de-enfermedad-de-huntington\/\" target=\"_blank\">ACCIONES DE AYUDA MUTUA Y AUTOAYUDA AL COLECTIVO DE ENFERMEDAD DE HUNTINGTON<\/a><\/p>\n\n\n\n<p>Programa <a href=\"https:\/\/avaeh.org\/web_nueva_2021\/formacion-contra-la-discriminacion-en-enfermedad-de-huntington\/\" target=\"_blank\" rel=\"noreferrer noopener\">SENSIBILIZACI\u00d3N Y FORMACI\u00d3N CONTRA LA DISCRIMINACI\u00d3N EN ENFERMEDAD DE HUNTINGTON<\/a><\/p>\n\n\n\n<p>Programa <a href=\"https:\/\/avaeh.org\/web_nueva_2021\/envejecimiento-activo-para-la-comunidad-huntington-valenciana\/\" target=\"_blank\" rel=\"noreferrer noopener\">ENVEJECIMIENTO ACTIVO PARA LA COMUNIDAD HUNTINGTON VALENCIANA<\/a><\/p>\n\n\n\n<p>Con la subvenci\u00f3n de la Conselleria de Sanitat y la Conselleria de Serveis Socials, Igualtat i Habitatge de la Generalitat Valenciana<\/p>\n\n\n\n<figure class=\"wp-block-image size-full is-resized\"><img loading=\"lazy\" decoding=\"async\" width=\"1323\" height=\"706\" src=\"https:\/\/avaeh.org\/web_nueva_2021\/wp-content\/uploads\/2024\/01\/Conselleria-de-Sanidad_CMYK_ROJO_VAL.png\" alt=\"\" class=\"wp-image-2745\" style=\"aspect-ratio:1.8608247422680413;width:436px;height:auto\" srcset=\"https:\/\/avaeh.org\/web_nueva_2021\/wp-content\/uploads\/2024\/01\/Conselleria-de-Sanidad_CMYK_ROJO_VAL.png 1323w, https:\/\/avaeh.org\/web_nueva_2021\/wp-content\/uploads\/2024\/01\/Conselleria-de-Sanidad_CMYK_ROJO_VAL-300x160.png 300w, https:\/\/avaeh.org\/web_nueva_2021\/wp-content\/uploads\/2024\/01\/Conselleria-de-Sanidad_CMYK_ROJO_VAL-1024x546.png 1024w, https:\/\/avaeh.org\/web_nueva_2021\/wp-content\/uploads\/2024\/01\/Conselleria-de-Sanidad_CMYK_ROJO_VAL-768x410.png 768w\" sizes=\"auto, (max-width: 1323px) 100vw, 1323px\" \/><\/figure>\n\n\n\n<figure class=\"wp-block-image size-large is-resized\"><img loading=\"lazy\" decoding=\"async\" width=\"1024\" height=\"546\" src=\"https:\/\/avaeh.org\/web_nueva_2021\/wp-content\/uploads\/2024\/01\/VICEPR1-1024x546.png\" alt=\"\" class=\"wp-image-2747\" style=\"width:449px;height:auto\" srcset=\"https:\/\/avaeh.org\/web_nueva_2021\/wp-content\/uploads\/2024\/01\/VICEPR1-1024x546.png 1024w, https:\/\/avaeh.org\/web_nueva_2021\/wp-content\/uploads\/2024\/01\/VICEPR1-300x160.png 300w, https:\/\/avaeh.org\/web_nueva_2021\/wp-content\/uploads\/2024\/01\/VICEPR1-768x410.png 768w, https:\/\/avaeh.org\/web_nueva_2021\/wp-content\/uploads\/2024\/01\/VICEPR1.png 1324w\" sizes=\"auto, (max-width: 1024px) 100vw, 1024px\" \/><\/figure>\n","protected":false},"excerpt":{"rendered":"<p>Programa ATENCI\u00d3N SOCIOSANITARIA A LA ENFERMEDAD DE HUNTINGTON Programa CONTRA LA SOLEDAD NO ELEGIDA EN LA ENFERMEDAD DE HUNTINGTON Programa ACCIONES DE AYUDA MUTUA Y AUTOAYUDA AL COLECTIVO DE ENFERMEDAD DE HUNTINGTON Programa SENSIBILIZACI\u00d3N Y FORMACI\u00d3N CONTRA LA DISCRIMINACI\u00d3N EN ENFERMEDAD DE HUNTINGTON Programa ENVEJECIMIENTO ACTIVO PARA LA COMUNIDAD HUNTINGTON [&hellip;]<\/p>\n","protected":false},"author":1,"featured_media":0,"parent":0,"menu_order":0,"comment_status":"closed","ping_status":"closed","template":"","meta":{"footnotes":""},"class_list":["post-794","page","type-page","status-publish","hentry"],"_links":{"self":[{"href":"https:\/\/avaeh.org\/web_nueva_2021\/wp-json\/wp\/v2\/pages\/794","targetHints":{"allow":["GET"]}}],"collection":[{"href":"https:\/\/avaeh.org\/web_nueva_2021\/wp-json\/wp\/v2\/pages"}],"about":[{"href":"https:\/\/avaeh.org\/web_nueva_2021\/wp-json\/wp\/v2\/types\/page"}],"author":[{"embeddable":true,"href":"https:\/\/avaeh.org\/web_nueva_2021\/wp-json\/wp\/v2\/users\/1"}],"replies":[{"embeddable":true,"href":"https:\/\/avaeh.org\/web_nueva_2021\/wp-json\/wp\/v2\/comments?post=794"}],"version-history":[{"count":20,"href":"https:\/\/avaeh.org\/web_nueva_2021\/wp-json\/wp\/v2\/pages\/794\/revisions"}],"predecessor-version":[{"id":3542,"href":"https:\/\/avaeh.org\/web_nueva_2021\/wp-json\/wp\/v2\/pages\/794\/revisions\/3542"}],"wp:attachment":[{"href":"https:\/\/avaeh.org\/web_nueva_2021\/wp-json\/wp\/v2\/media?parent=794"}],"curies":[{"name":"wp","href":"https:\/\/api.w.org\/{rel}","templated":true}]}}